ose 0 = -3*u + 1 - 4. List the prime factors of -1 - u - (-39)/3.
13
Let p = 7 - 0. Let u = p - -6. List the prime factors of u.
13
Suppose 0 = 6*k - 398 - 208. List the prime factors of k.
101
Let z = -161 - -249. List the prime factors of z.
2, 11
Suppose 5*v + 14 = 34. Suppose -z + 4 = -v. List the prime factors of z.
2
Let t(i) = -i**3 - 8*i**2 + 10. What are the prime factors of t(-8)?
2, 5
Let m = 29 - 12. What are the prime factors of m?
17
Let q be 4/(-6) - 40/(-15). Suppose 5*y - 36 = q*y. List the prime factors of y.
2, 3
Let s(h) = 11 - 3*h + 5*h - h. What are the prime factors of s(6)?
17
Let h = -3 - -7. Let z(u) = -u**3 + 4*u**2 + u. List the prime factors of z(h).
2
Suppose 6*s - 2*a - 276 = 2*s, -3*a = 5*s - 356. What are the prime factors of s?
2, 5, 7
Let n(u) = u - 3. Let m be n(0). What are the prime factors of (7/(-5))/(m/15)?
7
Suppose -5*u + 0*u = -25. What are the prime factors of u?
5
Suppose -3*y - 4*v + 50 = 0, -3*y + 38 = -y + 5*v. What are the prime factors of y?
2, 7
Suppose -x + 2*x - 4 = 0. Suppose y = -4*y + x*c + 72, 2*c = -3*y + 30. List the prime factors of y.
2, 3
Let i(n) = 50*n**2. What are the prime factors of i(1)?
2, 5
Suppose 7*t + 186 = 8*t. List the prime factors of t.
2, 3, 31
Let a(o) = 4*o - 1. Let v be a(4). Suppose -v = -4*d - 3, -3*q - 3*d + 102 = 0. What are the prime factors of q?
31
Let f = 12 + -23. Let n = 10 - f. Let a = n + -12. List the prime factors of a.
3
Let r(d) = -2 - d - 3 + 12. Let v be r(5). Suppose 0 = y + 3*g - 14, v*g + 52 = 5*y - g. List the prime factors of y.
11
Let f = 35 - -19. Suppose 0 = -3*i - 3*r + f, -62 = 5*i - 10*i + 2*r. List the prime factors of i.
2, 7
Let y be ((-44)/(-10))/(4/20). List the prime factors of (y/55)/(1/15).
2, 3
Let j be 2/(-5)*(-1 - 4). List the prime factors of ((-3)/j)/((-3)/50).
5
Let r(f) = 4*f**2 - 4*f - 10. List the prime factors of r(-6).
2, 79
What are the prime factors of ((0 - 1) + -2)/(9/(-57))?
19
Let y(g) = g**2 + 3*g - 7. Let m be y(-5). Suppose m*s + 1 = 4. Let c = 4 + s. What are the prime factors of c?
5
Suppose -x = 4*j - 12, j + 4*x = 4*j + 10. List the prime factors of j.
2
Let h(q) = 6*q - 2. Suppose -10 = k - 6*k. What are the prime factors of h(k)?
2, 5
Let i = -3 + 5. Suppose -i - 4 = -2*j. What are the prime factors of j?
3
Suppose n - l = 4*l - 15, n + 5*l = 25. Suppose -s = -w + 19, 65 = n*w - 3*s + 4*s. What are the prime factors of w?
2, 7
Let h(g) be the first derivative of -g**4/4 + 11*g**3/3 + g**2/2 - 3*g + 2. What are the prime factors of h(11)?
2
Suppose k - 81 = -2*k. Suppose 3 = -g + k. List the prime factors of g.
2, 3
List the prime factors of (5/2 + -3)*-22.
11
Let i be ((-10)/(-8))/(3/12). Suppose -2*j = i*z - 64, j - 2 - 12 = -z. What are the prime factors of z?
2, 3
Let r be 4 + (-4 - (-4 - -2)). Suppose u = -2*l + 7, 21 = 5*l - 3*u + r*u. What are the prime factors of l?
2
Let k be ((-6)/5)/(3/(-10)). Let f = k + 6. What are the prime factors of f?
2, 5
Suppose 23 = 4*n - 73. List the prime factors of n.
2, 3
Let t = 111 - 62. Suppose 3*v = 4*b + 5 + 8, -t = -4*v - b. List the prime factors of 0 + (v - (1 - 0)).
2, 5
Let r = 4 - -15. What are the prime factors of r/(-2)*(-13 - -11)?
19
Suppose 4*t + 8 = 36. Suppose 5*k - 2*w = 11, -2*w + t = k - 0*k. Let y(b) = 3*b. What are the prime factors of y(k)?
3
Suppose -x + 2*x - l - 11 = 0, 3*l - 12 = 0. What are the prime factors of x?
3, 5
Suppose 0 = 12*i - 8*i - 308. Let y = 126 - i. List the prime factors of y.
7
Suppose 0 = 2*i + 1 - 19. Let d(h) = -h**2 + 10*h - 5. Let l be d(i). Suppose -l*b = 4*s, 5*b - 3*s - s - 45 = 0. List the prime factors of b.
5
Let g(u) = 4*u. Let b be g(1). Let a(h) = 2 + 4*h - 2 - 4 + 2*h. What are the prime factors of a(b)?
2, 5
Let u = -19 - -34. Let m(d) = -d**3 + 7*d**2 - 4*d - 4. Let s be m(5). Suppose 5*z + u = 4*p - s, -5*z = p + 21. List the prime factors of p.
2
Let y(l) = 3 + l**2 - 4*l + 3*l - 3*l. Let a be y(4). Suppose 5*h - 2*w - 22 - 35 = 0, 0 = 3*w + a. List the prime factors of h.
11
Let l = 10 - -4. Suppose 5*x - l = s, -4*s - 1 = 5*x + 5. What are the prime factors of x?
2
Let i(f) = -f**3 + f**2 + f + 3. Let l(u) = -u - 5. Let h be l(-5). Let w be i(h). Suppose 0 = -5*o + w*o + 6. What are the prime factors of o?
3
Let y(f) = 0*f**3 + 0*f + f - 6*f**3. What are the prime factors of y(-1)?
5
Suppose -j + 6*j - 5*m = -15, -4*j - 2*m = 12. Let k be 3/((-1)/4*j). Suppose -u - 4*z + 7 = 0, 0*u - 28 = -k*u - 5*z. What are the prime factors of u?
7
Let b(s) = s**2 + 2*s + 2. Let a be b(-4). Suppose 2*k - a = 16. What are the prime factors of k?
13
Let u(m) = -m**2 - 3*m - 1. Let z be u(-3). What are the prime factors of -2 - z*(0 - -16)?
2, 7
Let d(i) = -i**3 + 5*i**2 - 6*i + 6. Let v be d(4). Let c = 5 + v. Let m = 4 + c. List the prime factors of m.
7
Let m(j) = 1 - 2 - 2 + 4 - 2*j**2 - j - j**3. What are the prime factors of m(-2)?
3
Let y = -10 - -18. Let l be 5/2*y/10. Suppose 3*j = -l*j + 40. List the prime factors of j.
2
Let x = -14 + 12. List the prime factors of (5 + -3)/x - -7.
2, 3
Suppose -4*z = -4*a + 28, -1 + 3 = a. What are the prime factors of z*12/(-10)*3?
2, 3
Let p(o) = -o**2 + 2*o - 12. Let b be p(8). Let a = b - -108. What are the prime factors of a?
2, 3
Let f = -8 - -89. List the prime factors of f.
3
Suppose -22 = -5*q - 2. Let w(t) = t**2 - 5*t + 3. Let y be w(q). List the prime factors of y + ((-44)/2)/(-2).
2, 5
Let t(j) = j**3 - 4*j**2 + 2*j + 1. Let h be t(3). Let y(b) = b**2 - 3*b - 1. Let f be y(5). What are the prime factors of 38/9 + h/f?
2
Suppose -4*q + 2*i = -0*q - 106, -4*q = -4*i - 108. List the prime factors of q.
2, 13
Suppose 0 = -h + 4 - 6. Let k = 0 - h. List the prime factors of k.
2
Let x(m) = 13*m**2 + m. Let f be x(-2). What are the prime factors of (-2)/6 - f/(-6)?
2
List the prime factors of 51 + (-5 - (0 + -4)).
2, 5
Let k(q) = q**2 + 3*q. What are the prime factors of k(-4)?
2
Let l(s) = 8 - 9 - 7*s - 6*s**2 - s**3 - 6. List the prime factors of l(-5).
3
Suppose -68 - 27 = -p. List the prime factors of p.
5, 19
Suppose z + z - 4 = 0. Let o(d) = 3*d**2 + z*d - 4*d**3 + 3*d**3 + 2 - 7*d + 2*d**2. List the prime factors of o(3).
5
Let u be -40*2/(4/(-3)). Suppose 0*c = 4*l + 2*c - 58, -4*l - 4*c = -u. List the prime factors of l.
2, 7
Suppose -63 = -4*w + 5*g, -15 = -3*w + g + 35. List the prime factors of w.
17
Let s(x) = -3*x - 18. What are the prime factors of s(-18)?
2, 3
Suppose 0*o - 460 = 5*o. List the prime factors of o/(-12) - (-2)/(-3).
7
Let d = -7 + -2. Let n(z) = -z - 7. List the prime factors of n(d).
2
Let r = -311 - -498. List the prime factors of r.
11, 17
List the prime factors of 3 - (-84 + 4)/4.
23
Let c(x) = 6*x - 9. Let l(p) = -18*p + 28. Let m(t) = 16*c(t) + 5*l(t). List the prime factors of m(4).
2, 5
Suppose 0 = -x - 5*p + 6, -x - p + 20 = 6. Let t be (25*1)/1 + 1. Let v = t - x. List the prime factors of v.
2, 5
Suppose 3*b = 6*b - 12. Suppose h = -m + 2*h + 10, -3*m + b*h = -29. What are the prime factors of m?
11
Let t be 2/((-4)/6) + 13. Let n = -2 + t. What are the prime factors of n?
2
Let p(n) = -9*n**3 - 19*n**2 - 7*n - 5. Let s(h) = 14*h**3 + 29*h**2 + 10*h + 8. Let x(f) = 8*p(f) + 5*s(f). List the prime factors of x(-4).
2, 5
Let u(t) = -49*t**3 + t**2 - 7*t**3 + 3*t**3 + t**3. Let d be u(-1). Suppose 4*w = -5*s + d, -s + 4 = 3*w - 0*w. What are the prime factors of s?
13
Suppose -2*f + 76 + 352 = 0. List the prime factors of f.
2, 107
Let n(l) = -l**3 - 5*l**2 + 5*l - 2. Let d(y) = y**2 + 6*y + 2. Let x be d(-6). Let c be x/8 + 25/(-4). List the prime factors of n(c).
2
Let c = -4 - -4. Let f = c - -3. List the prime factors of f.
3
Let c be (-2)/9 + 1405/45. Suppose -3*m - 5*k + c = 0, -7 = -k - 2. What are the prime factors of m?
2
What are the prime factors of 65 + (6/1)/(-3)?
3, 7
Let o(p) = -6*p - 33. What are the prime factors of o(-16)?
3, 7
Let x(p) = -2*p + p**2 + p - 7 + 0*p. Let z(u) = 6*u**3 - 3*u**2 + 3*u - 1. Let y be z(1). What are the prime factors of x(y)?
13
Suppose 0 = -2*g - g + a + 160, 4*g + 4*a = 208. What are the prime factors of g?
53
Let p(j) = -j**2 + 5*j - 15. Let c be p(6). Let x = c + 41. What are the prime factors of x?
2, 5
Suppose 4*h = -26 + 130. List the prime factors of (-65)/h*(-66)/5